ite number?
True
Let q = 7193439 - 4815370. Is q composite?
False
Let o be -3384 - 2 - -1 - (-69 + 72). Let z = o - -19826. Is z composite?
True
Suppose -21*a = -9*a - 36. Suppose -4*t + 6834 = 2*j, -a*t - j = 3*j - 5113. Is t prime?
False
Let g(f) be the third derivative of -f**6/120 + 19*f**5/30 - 21*f**4/8 + 35*f**3/6 + f**2 - 2. Is g(34) a composite number?
True
Let n = -7822 + 3716. Let g = 11845 + n. Is g a composite number?
True
Let y = 99 + -99. Suppose 13*p - 3397 + 1044 = y. Is p prime?
True
Let c(z) = 38*z + 103. Suppose 5*m - k = 9*m - 28, -12 = -3*k. Is c(m) a prime number?
True
Let d(b) = 20*b**2 - 39*b - 998. Is d(-21) composite?
False
Let h = 224 + -127. Let i = 584 - h. Is i a prime number?
True
Let u(s) = -s**3 - 6*s**2 + 5*s - 11. Let j be u(-7). Suppose a = 5*k + 4, 2*a + k = j + 5. Suppose 2*v = a*v + 2*c - 1302, v - 635 = 3*c. Is v composite?
False
Suppose -5*w = 5*t - 30, -13*w + 5*t - 9 = -11*w. Let b(p) = -91*p**3 - 3*p**2 - 2*p. Let m be b(3). Is (m/9)/((-2)/w) a composite number?
True
Let d(k) = -2*k**3 + k**2 - 12*k - 11. Let n = -133 - -121. Is d(n) a composite number?
False
Suppose 5*i = -f + 18 - 2, -24 = -5*i + f. Suppose -5*v + 5412 = k, 2*v + i*k - 2166 = 3*k. Suppose z - v = -z. Is z composite?
False
Let o(j) = -31*j + 9. Suppose -21*p = -18*p + v + 145, p + 5*v = -67. Is o(p) prime?
False
Suppose 15*d - 443016 + 313733 = 815372. Is d a prime number?
False
Let g(s) = -309*s + 139. Let m(a) = 309*a - 139. Let c(v) = -6*g(v) - 7*m(v). Is c(-22) composite?
True
Let t(b) be the second derivative of 103*b**4/3 - b**3 + b**2/2 - 14*b. Let d = 78 - 79. Is t(d) prime?
True
Let w = -28 + 14. Let h be (-16)/(-28) - 34/w. Suppose -78 = h*q - 5*q. Is q composite?
True
Suppose -2*v - 2*i = 37886, v - 56789 = 4*v - 5*i. Let s = -11412 - v. Suppose 4*d = 0, s - 20570 = -4*g + d. Is g a composite number?
True
Let v = 12418 - 18256. Let y = 3894 + v. Let q = -479 - y. Is q a composite number?
True
Suppose 0 = -3*c + 4*d - 72, -5 = -4*d + 7. Let t(i) = -i**2 - 13*i - 14. Let y be t(c). Let w = y - -405. Is w prime?
True
Let w = -56819 - -156330. Is w composite?
True
Let c = 308090 - -83757. Is c a composite number?
False
Suppose -61*g + 661539 = -3822998. Is g composite?
False
Suppose z + 3*y = 0, 0 = -z - y - 0*y + 2. Suppose 0 = -4*o - z*w + 57856, 0 = 2*o - w - 4877 - 24041. Is o composite?
False
Let l = 54 - 0. Is (-312)/l + 6 - (-31903)/9 a prime number?
False
Let l be (-3)/6*-1*8. Suppose -l*o + 316 = -320. Is o a prime number?
False
Let x(w) = -21*w**3 + 7*w**2 + 11. Is x(-3) a prime number?
True
Suppose 213*t = 219*t - 628386. Suppose 5*d + 5*k - t = -28601, 3*k + 76106 = 5*d. Is d a prime number?
False
Suppose 0 = 3*f - f - 4, -5*f - 234 = -4*u. Suppose 3*h - u = 512. Suppose 4*p - 5853 = h. Is p a composite number?
False
Suppose -5*t = -11*a - 550321, -112*a + 220154 = 2*t - 110*a. Is t a prime number?
False
Let w(f) = -317*f + 10. Suppose 0 = -l - 2*l + g + 10, 8 = -2*l - 3*g. Suppose -5 - 13 = l*c. Is w(c) composite?
True
Suppose 0 = -2*m + 47 - 95. Let a be (2 + 2)/(12/m). Is 3/18*-3 - 1628/a a prime number?
False
Let r(n) = -13*n**3 + 3*n**2 - 61*n - 68. Is r(-11) a composite number?
False
Let p(s) be the third derivative of 11/6*s**3 + 0*s - 12*s**2 + 13/8*s**4 + 0. Is p(16) composite?
True
Let f be (-10 - -7)*(1 + 9/(-3)). Let d be f/27 + (66310/(-18))/(-5). Suppose -13*k = -12*k - d. Is k a composite number?
True
Is (12301 - 15)*(27/6 + (-4)/(-2)) a composite number?
True
Let g(m) = -2*m - 6. Let c(l) = 3*l + 12. Let i(d) = 3*c(d) + 5*g(d). Let p be i(4). Suppose 3*z = x - 484, p = -3*z - 1. Is x a composite number?
True
Suppose -8*n = 76 + 68. Let m be (4/3)/((-8)/n). Suppose -h + 3*c + 1228 = -2*c, -4*c = m*h - 3627. Is h a composite number?
False
Let f = -12 + 12. Suppose 0 = -3*y - 12, c - y - y - 8 = f. Suppose l - 337 - 156 = c. Is l prime?
False
Let l be (-80)/(-10) + -16 + 7. Is 3*-1 - (l + -18542 + 1) a prime number?
True
Let t be (2 - 3)/(9/4014). Let z = t - -214. Let g = z - -819. Is g prime?
True
Let h(l) = -l**3 - 8*l**2 - 10*l - 13. Let y be h(-7). Suppose 2*w + y*w = 7870. Is w a composite number?
False
Let i(h) = -h**3 - 4*h**2 - 10*h - 2. Let w be i(-6). Suppose -128*b = -w*b + 8770. Is b composite?
True
Suppose 0 = 3*l + 2*u - 12, -3*u = -l - 2 - 5. Let y(p) = 9 + 211*p**l - 7 + 0*p + 3*p - 5*p. Is y(1) a prime number?
True
Let n(z) = 6*z - 59. Let b be n(11). Suppose 2*a + b - 1 = 5*w, 0 = a - 4*w + 6. Suppose 4*h - h = a*m + 5079, 5*h - 8465 = -5*m. Is h a composite number?
False
Let a(r) = 3*r**2 - 13*r**2 - 11*r**2 + 5. Let d be a(-4). Let z = d + 728. Is z composite?
False
Suppose -173*j + 129*j + 422356 = 0. Is j a prime number?
False
Let s(l) = 5264*l - 230. Let w be s(7). Let r = -15745 + w. Is r composite?
False
Let a(c) = -156*c**2 + 5*c + 8. Let l be a(-2). Let n be l/(-1) - (-1)/(0 - -1). Suppose -p = -n + 62. Is p composite?
True
Suppose 45 = 5*j + 15. Is (j/((-18)/267))/(-1) a composite number?
False
Suppose 0 = -5*x - i - 1 - 15, -3*i + 32 = -5*x. Suppose -612*r + 605*r + 14 = 0. Is (x/(-8))/(r/11516) composite?
False
Let s be ((-4)/16 - (-2)/(-8))*-8. Suppose -4*w = -2*a + 14, -s*a + 2*w + 64 = 3*w. Let p(q) = 13*q - 4. Is p(a) a composite number?
False
Let v be (-4)/14 + 16/7. Let s be (7/2)/(-7) + (-20)/(-8). Suppose -o + v*x + 513 = 0, -2*x + 1571 = s*o + o. Is o a prime number?
True
Suppose -29*j + 1109158 = -1803989 + 447016. Is j a composite number?
True
Let y be (-126)/(-11 + 5) + 0. Let x(u) = -u**3 + 19*u**2 + 51*u + 12. Is x(y) composite?
True
Suppose -4*n - 12257 = 13*n. Let v = 3420 + n. Is v a prime number?
True
Let s = -18938 + 32859. Is s a composite number?
False
Let o be 420150 - ((-40)/180 - 43/9). Is -2*(-2)/(-22) + o/55 prime?
True
Suppose 2 - 14 = 4*f. Let d(v) = v**3 - 9*v**2 + 28*v - 30. Let y be d(5). Is (y + f)/21 - (-208)/6 composite?
True
Let w(t) = 6138*t - 1. Suppose -13*j + 5 = -8. Let l be w(j). Suppose 0 = 8*v - l - 2447. Is v a prime number?
False
Suppose -11*s = 19*s - 692400. Suppose 0 = -2*c - 5946 + s. Is c a composite number?
True
Suppose 2*b = -5*h + 8, b + 3*h - 3 - 3 = 0. Is -211*(b/12 + (-5)/10) a composite number?
False
Let a be (-4)/(-40) + (-118)/(-20). Suppose c = a*c - 835. Suppose 2*o = -c + 449. Is o composite?
True
Is (10 - 8) + 175442/6 - 2/(-3) a composite number?
False
Let v(r) = 4959*r + 6269. Is v(10) a composite number?
True
Let k = -48 + 52. Suppose 2*h + 2*h - 2*d = 0, -4*h = -3*d + k. Suppose -4*q + 571 = -3*u, 4*u = -h*q + u + 263. Is q a composite number?
False
Suppose 18*a + s + 81836 = 19*a, -2*s = 4*a - 327362. Is a composite?
False
Is 110*(-43940)/(-40) - (-1 - 3) a prime number?
False
Suppose 3 = 4*h + 7, -l + 4*h = -7851. Suppose 4*i + l = c, -20*c + 4*i = -15*c - 39315. Is c prime?
True
Let s = -677767 - -979916. Is s composite?
True
Let q(r) = -13052*r + 2061. Is q(-11) a composite number?
False
Suppose -3*u + 0*u = 3, -2*u - 32 = 2*c. Let d(r) = r + 13. Let f be d(c). Is (-443 + 4 - 6)*(f - -1) a prime number?
False
Suppose -5*w = -5*z - 1175185, 2*z - 705116 = -3*w + 4*z. Is (-6)/(-4)*w/51 a composite number?
True
Suppose 4*g - 2*k = 68, -2*g = g - 3*k - 57. Let j be 1/5 + 20532/g. Suppose -5*x + j = -1026. Is x a prime number?
True
Suppose -92*w = -90*w - 3772. Suppose -2*q = -2*x - 104 - 1156, -x = 3*q - w. Is q a prime number?
False
Let q = 30 - 30. Suppose y = -q*y. Suppose 0 = 5*u - f - 2577, 3*f + 1036 = 2*u - y*f. Is u composite?
True
Let a = 67 - 49. Suppose 5924 = 20*p - a*p. Is p a prime number?
False
Let t = 28857 - -4808. Is t composite?
True
Let f(n) be the second derivative of n**4/12 - 7*n**3/6 - 11*n**2/2 + 3*n. Suppose -3*t + 108 - 57 = -4*v, -5*v = -4*t + 67. Is f(t) prime?
True
Is ((-178630)/20)/((-5)/10) a prime number?
True
Let f(h) = -30*h**3 - 2*h**2 + h - 18. Let g be f(-8). Suppose r = -4*p + 20284, -5*p + g = -2*p - r. Let l = p - 2867. Is l prime?
True
Suppose 101*b + 10295325 - 7367148 = 40692380. Is b prime?
True
Let s(i) = -i**3 - 5*i**2 + i + 16. Let u be s(-3). Is 12 + u + -3 - (0 - 9051) a prime number?
False
Suppose 0 = 3*v - 168*j + 164*j - 243479, 4*v = 3*j + 324641. Is v a composite number?
True
Suppose -48*u - 230 = -53*u. Let d = u - 41. Suppose 4*a + 4051 = g, -